{"id":271,"date":"2017-08-15T20:38:56","date_gmt":"2017-08-15T19:38:56","guid":{"rendered":"http:\/\/bw-kreativ.de\/wordpress\/?page_id=271"},"modified":"2017-08-27T15:13:45","modified_gmt":"2017-08-27T14:13:45","slug":"flannas-ferien-highlights-teil-1","status":"publish","type":"page","link":"http:\/\/bw-kreativ.de\/wordpress\/flannas-ferien-highlights-teil-1\/","title":{"rendered":"Flanna&#8217;s Ferien Highlights! (Schweiz 2017 Teil 1)"},"content":{"rendered":"<p><span style=\"color: #993300;\">Rike \u2026\u2026.. he Rikeeee \u2026.. <\/span><br \/>\nJaaaa, was ist denn???<br \/>\n<span style=\"color: #993300;\">Die Ferien waren schon sch\u00f6n, oder?? <\/span><br \/>\nJa waren sie, aber sie sind vorbei und ich war noch nicht mal im Rhein schwimmen. *grummel*<br \/>\n<span style=\"color: #993300;\">Ja aber daf\u00fcr haben wir anderes gemacht, au\u00dferdem waren wir doch schwimmen!! <\/span><br \/>\n<span style=\"color: #993300;\"> Das war \u00fcberhaupt mein pers\u00f6nliches Ferien Highlight!! <\/span><br \/>\nHi hi, daf\u00fcr wurde aber Deine Geduld ganz sch\u00f6n auf die Probe gestellt, *kichert* musstest ganz sch\u00f6n warten !!<br \/>\n<span style=\"color: #993300;\">Naja, erst fahren wir lange durch die Gegend, Frauchen jagt Herrchen schmale Bergstra\u00dfen hoch, bis ganz weit nach oben! Als wir dann endlich aussteigen durften, hab ich gemerkt, dass wir immer noch nicht oben auf dem Berg waren. Die sind aber auch hoch, die Berge!<\/span>\u00a0<img loading=\"lazy\" decoding=\"async\" class=\"alignleft wp-image-272\" src=\"http:\/\/bw-kreativ.de\/wordpress\/wp-content\/uploads\/word-image-39.jpeg\" alt=\"\" width=\"282\" height=\"188\" srcset=\"http:\/\/bw-kreativ.de\/wordpress\/wp-content\/uploads\/word-image-39.jpeg 684w, http:\/\/bw-kreativ.de\/wordpress\/wp-content\/uploads\/word-image-39-300x200.jpeg 300w\" sizes=\"auto, (max-width: 282px) 100vw, 282px\" \/><\/p>\n<p>&nbsp;<\/p>\n<p><img loading=\"lazy\" decoding=\"async\" class=\"wp-image-273 alignnone\" src=\"http:\/\/bw-kreativ.de\/wordpress\/wp-content\/uploads\/word-image-40.jpeg\" alt=\"\" width=\"282\" height=\"188\" srcset=\"http:\/\/bw-kreativ.de\/wordpress\/wp-content\/uploads\/word-image-40.jpeg 698w, http:\/\/bw-kreativ.de\/wordpress\/wp-content\/uploads\/word-image-40-300x199.jpeg 300w\" sizes=\"auto, (max-width: 282px) 100vw, 282px\" \/><\/p>\n<p><span style=\"color: #993300;\">Bis in die Wolken gingen die!!! <\/span><br \/>\nDas ist doch normal Flanna, Berge sind immer so hoch, sonst w\u00fcrde man sie ja nicht Berge nennen!!!<br \/>\n<span style=\"color: #993300;\">Ha!!! Stimmt nicht!! Da wo Frauchens Papa wohnt hei\u00dft es auch Berg und das ist blo\u00df ein H\u00fcgelchen !! <\/span><br \/>\nMenno Flanna, das ist auch ein Stra\u00dfenname und hat mit richtigen Bergen nichts zu tun!!<br \/>\n<span style=\"color: #993300;\">Hmmm OK! <\/span><br \/>\n<span style=\"color: #993300;\">Aber was ja echt die H\u00f6he war, da fahren wir diesen halben Berg hoch, steigen aus, und was sehe ich, das Wasser ist unter uns, weeiiiit unter uns!! <\/span><br \/>\n<span style=\"color: #993300;\"> Frauchen und ihr \u201eich kenne mich da aus\u201c, von wegen, wir sind glatt am See vorbei und zu hoch gelandet!!<\/span><\/p>\n<p>Hahaha, Dein doofes Gesicht als Du das bemerkt hast, war aber Gold wert. Schade, dass Frauchen dies nicht geknipst hat hahaha<br \/>\n<span style=\"color: #993300;\">Na dann eben wieder 1-2 Etagen runter, aber dann wollten die da noch essen, gut das alles mit Touris voll war !! <\/span><br \/>\nWarst doch selber so ein Touri Flanna hihi<br \/>\n<span style=\"color: #993300;\">Iiiiiich nein niemals, hatte doch Frauchen mit dabei, die ist von da, also da war wohl ihre Welpenkiste oder so \u2026\u2026. <\/span><br \/>\n<span style=\"color: #993300;\"> Aber wir sind dann ja doch runter zu dem See und Frauchen hat gesagt, dass das ein Stausee sei, was ich Interessant fand. <\/span><br \/>\n<span style=\"color: #993300;\"> Man nehme einen kleines Wasser, baue eine Mauer und bekommt einen grossen See!! Das werde ich auch mal ausprobieren!!! <\/span><br \/>\n\u00c4\u00e4\u00e4h Flanna, bei Wasserpf\u00fctzen geht das aber nicht!!<br \/>\n<span style=\"color: #993300;\">Olle Unke!!! Ich schaff das schon!!!<\/span><\/p>\n<p><img loading=\"lazy\" decoding=\"async\" width=\"692\" height=\"460\" class=\"wp-image-274\" src=\"http:\/\/bw-kreativ.de\/wordpress\/wp-content\/uploads\/word-image-41.jpeg\" srcset=\"http:\/\/bw-kreativ.de\/wordpress\/wp-content\/uploads\/word-image-41.jpeg 692w, http:\/\/bw-kreativ.de\/wordpress\/wp-content\/uploads\/word-image-41-300x199.jpeg 300w\" sizes=\"auto, (max-width: 692px) 100vw, 692px\" \/><\/p>\n<p><span style=\"color: #993300;\">Also runter zum See und \u2026\u2026\u2026.. <\/span><br \/>\n<span style=\"color: #993300;\"> Wisst ihr was an so sch\u00f6nen Seen schrecklich ist??? Ja genau, die Fressstationen f\u00fcr 2Beiner! Die sind da immer!!!<\/span><img loading=\"lazy\" decoding=\"async\" width=\"608\" height=\"456\" class=\"wp-image-275\" src=\"http:\/\/bw-kreativ.de\/wordpress\/wp-content\/uploads\/word-image-42.jpeg\" srcset=\"http:\/\/bw-kreativ.de\/wordpress\/wp-content\/uploads\/word-image-42.jpeg 608w, http:\/\/bw-kreativ.de\/wordpress\/wp-content\/uploads\/word-image-42-300x225.jpeg 300w\" sizes=\"auto, (max-width: 608px) 100vw, 608px\" \/><\/p>\n<p>Na ich fand das gut, erst mal raus aus der Sonne und bei der Hitze bequem unter dem Tisch chillen, ich fand das super!<br \/>\n<span style=\"color: #993300;\">Also, erstmal da warten bis die 2Beiner ihr Mittagessen hatten, \u00e4tzend, echt \u00e4\u00e4\u00e4\u00e4tzeeeend, das ging ja ewig! <\/span><br \/>\nAch komm, Du hast Dich da so gekonnt hingelegt dass jeder der vorbeikam Dich sehen musste!<br \/>\n<span style=\"color: #993300;\">Ich liebe es eben, wenn ich den Menschen ein L\u00e4cheln ins Gesicht zaubern kann und nebenbei, die Streicheleinheiten sind auch nicht zu verachten!<\/span><\/p>\n<p><span style=\"color: #993300;\">Na ja dann ging es endlich ab an See!! <\/span><br \/>\n<span style=\"color: #993300;\"> Freunde, wenn ihr je die Gelegenheit bekommt in so einem See zu schwimmen, dann tut es!<\/span> <img loading=\"lazy\" decoding=\"async\" width=\"687\" height=\"457\" class=\"wp-image-276\" src=\"http:\/\/bw-kreativ.de\/wordpress\/wp-content\/uploads\/word-image-43.jpeg\" srcset=\"http:\/\/bw-kreativ.de\/wordpress\/wp-content\/uploads\/word-image-43.jpeg 687w, http:\/\/bw-kreativ.de\/wordpress\/wp-content\/uploads\/word-image-43-300x200.jpeg 300w\" sizes=\"auto, (max-width: 687px) 100vw, 687px\" \/> <img loading=\"lazy\" decoding=\"async\" width=\"690\" height=\"459\" class=\"wp-image-277\" src=\"http:\/\/bw-kreativ.de\/wordpress\/wp-content\/uploads\/word-image-44.jpeg\" srcset=\"http:\/\/bw-kreativ.de\/wordpress\/wp-content\/uploads\/word-image-44.jpeg 690w, http:\/\/bw-kreativ.de\/wordpress\/wp-content\/uploads\/word-image-44-300x200.jpeg 300w\" sizes=\"auto, (max-width: 690px) 100vw, 690px\" \/><span style=\"color: #993300;\">Das Wasser ist auch an diesem hei\u00dfen Tag k\u00fchl und das schmeckt \u2026\u2026\u2026. sowas von lecker sag ich Euch!! Nicht wahr Rike??<\/span><br \/>\nJa, ich muss zugeben, das war das beste Wasser was ich bis jetzt getrunken hab und ich bin da seeeeehr heikel!<br \/>\n<span style=\"color: #993300;\">Ich fand es schade, dass wir dann auch bald wieder heim mussten denn \u2026\u2026 <\/span><br \/>\n<span style=\"color: #993300;\"> Ich will wieder dahiiiiiiin!!!!! <\/span><br \/>\nNun haben wir so lange von deinem Highlight erz\u00e4hlt und was ist jetzt mit meinem Flanna???<br \/>\n<span style=\"color: #993300;\">Ganz einfach Rike, das kommt im n\u00e4chsten Kurzgebell!! <\/span><br \/>\nHmmm, und da w\u00e4ren auch noch die beiden Besuche bei unseren Hundekumpels!!<br \/>\n<span style=\"color: #993300;\">Dann gibt es eben auch noch einen dritten und vierten Teil !! <\/span><br \/>\nOh Flanna, ich sehe schon, in n\u00e4chster Zeit muss Frauchen wieder ganz viel schreiben f\u00fcr uns, hihi, wer bringt ihr das bei??<br \/>\n<span style=\"color: #993300;\">Kein Problem Rike, das krieg ich mit etwas Charme hin *Augenzwinkern* <\/span><\/p>\n<p>F\u00fcr heute sagen Tsch\u00fcssikovski<br \/>\n<span style=\"color: #993300;\">Flanna Neufundi<\/span> und Rike Neuberner<\/p>\n<p>Achja: Wie immer k\u00f6nnt ihr Euch gern Euer Feedback, eine Nachricht oder einen Gru\u00df hinterlassen.<\/p>\n","protected":false},"excerpt":{"rendered":"<p>Rike \u2026\u2026.. he Rikeeee \u2026.. Jaaaa, was ist denn??? Die Ferien waren schon sch\u00f6n, oder?? Ja waren sie, aber sie sind vorbei und ich war noch nicht mal im Rhein schwimmen. *grummel* Ja aber daf\u00fcr haben wir anderes gemacht, au\u00dferdem waren wir doch schwimmen!! Das war \u00fcberhaupt mein pers\u00f6nliches Ferien Highlight!! Hi hi, daf\u00fcr wurde &hellip; <a href=\"http:\/\/bw-kreativ.de\/wordpress\/flannas-ferien-highlights-teil-1\/\" class=\"more-link\"><span class=\"screen-reader-text\">Flanna&#8217;s Ferien Highlights! (Schweiz 2017 Teil 1)<\/span> weiterlesen <span class=\"meta-nav\">&rarr;<\/span><\/a><\/p>\n","protected":false},"author":2,"featured_media":273,"parent":0,"menu_order":0,"comment_status":"open","ping_status":"closed","template":"","meta":{"footnotes":""},"class_list":["post-271","page","type-page","status-publish","has-post-thumbnail","hentry"],"yoast_head":"<!-- This site is optimized with the Yoast SEO plugin v24.6 - https:\/\/yoast.com\/wordpress\/plugins\/seo\/ -->\n<title>Flanna&#039;s Ferien Highlights! (Schweiz 2017 Teil 1) - Kurzgebell 2.0<\/title>\n<meta name=\"robots\" content=\"index, follow, max-snippet:-1, max-image-preview:large, max-video-preview:-1\" \/>\n<link rel=\"canonical\" href=\"http:\/\/bw-kreativ.de\/wordpress\/flannas-ferien-highlights-teil-1\/\" \/>\n<script type=\"application\/ld+json\" class=\"yoast-schema-graph\">{\"@context\":\"https:\/\/schema.org\",\"@graph\":[{\"@type\":\"BreadcrumbList\",\"@id\":\"http:\/\/bw-kreativ.de\/wordpress\/flannas-ferien-highlights-teil-1\/#breadcrumb\",\"itemListElement\":[{\"@type\":\"ListItem\",\"position\":1,\"name\":\"Startseite\",\"item\":\"http:\/\/bw-kreativ.de\/wordpress\/\"},{\"@type\":\"ListItem\",\"position\":2,\"name\":\"Flanna&#8217;s Ferien Highlights! (Schweiz 2017 Teil 1)\"}]}]}<\/script>\n<!-- \/ Yoast SEO plugin. -->","yoast_head_json":{"title":"Flanna's Ferien Highlights! (Schweiz 2017 Teil 1) - Kurzgebell 2.0","robots":{"index":"index","follow":"follow","max-snippet":"max-snippet:-1","max-image-preview":"max-image-preview:large","max-video-preview":"max-video-preview:-1"},"canonical":"http:\/\/bw-kreativ.de\/wordpress\/flannas-ferien-highlights-teil-1\/","schema":{"@context":"https:\/\/schema.org","@graph":[{"@type":"BreadcrumbList","@id":"http:\/\/bw-kreativ.de\/wordpress\/flannas-ferien-highlights-teil-1\/#breadcrumb","itemListElement":[{"@type":"ListItem","position":1,"name":"Startseite","item":"http:\/\/bw-kreativ.de\/wordpress\/"},{"@type":"ListItem","position":2,"name":"Flanna&#8217;s Ferien Highlights! (Schweiz 2017 Teil 1)"}]}]}},"_links":{"self":[{"href":"http:\/\/bw-kreativ.de\/wordpress\/wp-json\/wp\/v2\/pages\/271","targetHints":{"allow":["GET"]}}],"collection":[{"href":"http:\/\/bw-kreativ.de\/wordpress\/wp-json\/wp\/v2\/pages"}],"about":[{"href":"http:\/\/bw-kreativ.de\/wordpress\/wp-json\/wp\/v2\/types\/page"}],"author":[{"embeddable":true,"href":"http:\/\/bw-kreativ.de\/wordpress\/wp-json\/wp\/v2\/users\/2"}],"replies":[{"embeddable":true,"href":"http:\/\/bw-kreativ.de\/wordpress\/wp-json\/wp\/v2\/comments?post=271"}],"version-history":[{"count":4,"href":"http:\/\/bw-kreativ.de\/wordpress\/wp-json\/wp\/v2\/pages\/271\/revisions"}],"predecessor-version":[{"id":294,"href":"http:\/\/bw-kreativ.de\/wordpress\/wp-json\/wp\/v2\/pages\/271\/revisions\/294"}],"wp:featuredmedia":[{"embeddable":true,"href":"http:\/\/bw-kreativ.de\/wordpress\/wp-json\/wp\/v2\/media\/273"}],"wp:attachment":[{"href":"http:\/\/bw-kreativ.de\/wordpress\/wp-json\/wp\/v2\/media?parent=271"}],"curies":[{"name":"wp","href":"https:\/\/api.w.org\/{rel}","templated":true}]}}